{"id":2441,"date":"2020-03-06T10:03:03","date_gmt":"2020-03-06T10:03:03","guid":{"rendered":"http:\/\/wpdemo.archiwp.com\/engitech\/?page_id=2441"},"modified":"2021-06-24T10:28:20","modified_gmt":"2021-06-24T10:28:20","slug":"portfolio-techrest","status":"publish","type":"page","link":"https:\/\/techrest.pt\/TechRest\/portfolio-techrest\/","title":{"rendered":"Portfolio Techrest"},"content":{"rendered":"\t\t<div data-elementor-type=\"wp-page\" data-elementor-id=\"2441\" class=\"elementor elementor-2441\" data-elementor-settings=\"[]\">\n\t\t\t\t\t\t\t<div class=\"elementor-section-wrap\">\n\t\t\t\t\t\t\t<section class=\"elementor-section elementor-top-section elementor-element elementor-element-ec8cab0 ot-layout_block elementor-section-full_width elementor-section-height-default elementor-section-height-default\" data-id=\"ec8cab0\" data-element_type=\"section\">\n\t\t\t\t\t\t<div class=\"elementor-container elementor-column-gap-default\">\n\t\t\t\t\t<div class=\"elementor-column elementor-col-100 elementor-top-column elementor-element elementor-element-34cd8e7 ot-flex-column-vertical\" data-id=\"34cd8e7\" data-element_type=\"column\">\n\t\t\t<div class=\"elementor-widget-wrap elementor-element-populated\">\n\t\t\t\t\t\t\t\t<div class=\"elementor-element elementor-element-28d49ba elementor-widget elementor-widget-iheading\" data-id=\"28d49ba\" data-element_type=\"widget\" data-widget_type=\"iheading.default\">\n\t\t\t\t<div class=\"elementor-widget-container\">\n\t\t\t\t\t<div class=\"ot-heading\">\r\n\t        \t            <span>Projectos e Implementa\u00e7\u00f5es<\/span>\r\n\t        \t    <\/div>\r\n\t    \t\t<\/div>\n\t\t\t\t<\/div>\n\t\t\t\t<div class=\"elementor-element elementor-element-41e394a elementor-widget elementor-widget-text-editor\" data-id=\"41e394a\" data-element_type=\"widget\" data-widget_type=\"text-editor.default\">\n\t\t\t\t<div class=\"elementor-widget-container\">\n\t\t\t\t\t\t\t<p>Apresentamos algumas das nossas implementa\u00e7\u00f5es do software nos mais variados cen\u00e1rios para exemplificar a robustez do <strong>TechRest <\/strong>e a sua versatilidade..<\/p>\t\t\t\t\t\t<\/div>\n\t\t\t\t<\/div>\n\t\t\t\t<div class=\"elementor-element elementor-element-ad4107a elementor-widget elementor-widget-ipfilter\" data-id=\"ad4107a\" data-element_type=\"widget\" data-widget_type=\"ipfilter.default\">\n\t\t\t\t<div class=\"elementor-widget-container\">\n\t\t\t\r\n\t\t<div class=\"project-filter-wrapper\">\r\n\t                \t\t<ul class=\"project_filters\">\r\n        \t\t\t        \t\t\t \t<li><a href=\"#\" data-filter=\"*\" class=\"selected\">Todos<\/a><\/li>\r\n        \t\t\t\t                \t                \t<li><a href='#' data-filter='.category-50'>Clientes<\/a><\/li>\t                   \r\n\t                \t\t\t\t<\/ul>\r\n\t        \r\n\t        <div class=\"projects-grid projects-style-1\">\r\n\t        \t\r\n\t            \r\n\t            \t<div class=\"project-item category-50 \">\r\n\t\t\t\t\t\t<div class=\"projects-box\">\r\n\t\t\t\t\t\t\t<div class=\"projects-thumbnail\">\r\n\t\t\t\t\t\t\t\t<a href=\"https:\/\/techrest.pt\/TechRest\/portfolio\/verde-minho\/\">\r\n\t\t\t\t\t\t\t\t\t<img width=\"700\" height=\"700\" src=\"https:\/\/techrest.pt\/TechRest\/wp-content\/uploads\/2021\/05\/restaurante-verde-minho-1423582656_big-1.jpg\" class=\"attachment-engitech-portfolio-thumbnail-grid size-engitech-portfolio-thumbnail-grid wp-post-image\" alt=\"\" loading=\"lazy\" srcset=\"https:\/\/techrest.pt\/TechRest\/wp-content\/uploads\/2021\/05\/restaurante-verde-minho-1423582656_big-1.jpg 700w, https:\/\/techrest.pt\/TechRest\/wp-content\/uploads\/2021\/05\/restaurante-verde-minho-1423582656_big-1-300x300.jpg 300w, https:\/\/techrest.pt\/TechRest\/wp-content\/uploads\/2021\/05\/restaurante-verde-minho-1423582656_big-1-150x150.jpg 150w\" sizes=\"(max-width: 700px) 100vw, 700px\" \/>\t\t\t\t\t\t\t\t<\/a>\r\n\t\t\t\t\t\t\t<\/div>\r\n\t\t\t\t\t\t\t<div class=\"portfolio-info \">\r\n\t\t\t\t\t\t\t\t<a class=\"overlay\" href=\"https:\/\/techrest.pt\/TechRest\/portfolio\/verde-minho\/\"><\/a>\t\t\t\t\t\t\t\t<div class=\"portfolio-info-inner\">\r\n\t\t\t\t\t\t\t\t\t<h5><a href=\"https:\/\/techrest.pt\/TechRest\/portfolio\/verde-minho\/\">Verde Minho<\/a><\/h5>\r\n\t\t\t\t\t\t\t\t\t<p class=\"portfolio-cates\"><a href=\"https:\/\/techrest.pt\/TechRest\/portfolio-category\/clientes\/\">Clientes<\/a><span>\/<\/span><\/p> \r\n\t\t\t\t\t\t\t\t<\/div>\r\n\t\t\t\t\t\t\t<\/div>\r\n\t\t\t\t\t\t<\/div>\r\n\t\t\t\t\t<\/div>\r\n\r\n\t            \r\n\t            \t<div class=\"project-item category-50 \">\r\n\t\t\t\t\t\t<div class=\"projects-box\">\r\n\t\t\t\t\t\t\t<div class=\"projects-thumbnail\">\r\n\t\t\t\t\t\t\t\t<a href=\"https:\/\/techrest.pt\/TechRest\/portfolio\/sapori-de-gelato\/\">\r\n\t\t\t\t\t\t\t\t\t<img width=\"720\" height=\"720\" src=\"https:\/\/techrest.pt\/TechRest\/wp-content\/uploads\/2021\/05\/sapori-di-gelato-720x720.jpg\" class=\"attachment-engitech-portfolio-thumbnail-grid size-engitech-portfolio-thumbnail-grid wp-post-image\" alt=\"\" loading=\"lazy\" srcset=\"https:\/\/techrest.pt\/TechRest\/wp-content\/uploads\/2021\/05\/sapori-di-gelato-720x720.jpg 720w, https:\/\/techrest.pt\/TechRest\/wp-content\/uploads\/2021\/05\/sapori-di-gelato-300x300.jpg 300w, https:\/\/techrest.pt\/TechRest\/wp-content\/uploads\/2021\/05\/sapori-di-gelato-1024x1024.jpg 1024w, https:\/\/techrest.pt\/TechRest\/wp-content\/uploads\/2021\/05\/sapori-di-gelato-150x150.jpg 150w, https:\/\/techrest.pt\/TechRest\/wp-content\/uploads\/2021\/05\/sapori-di-gelato-768x768.jpg 768w, https:\/\/techrest.pt\/TechRest\/wp-content\/uploads\/2021\/05\/sapori-di-gelato.jpg 1094w\" sizes=\"(max-width: 720px) 100vw, 720px\" \/>\t\t\t\t\t\t\t\t<\/a>\r\n\t\t\t\t\t\t\t<\/div>\r\n\t\t\t\t\t\t\t<div class=\"portfolio-info \">\r\n\t\t\t\t\t\t\t\t<a class=\"overlay\" href=\"https:\/\/techrest.pt\/TechRest\/portfolio\/sapori-de-gelato\/\"><\/a>\t\t\t\t\t\t\t\t<div class=\"portfolio-info-inner\">\r\n\t\t\t\t\t\t\t\t\t<h5><a href=\"https:\/\/techrest.pt\/TechRest\/portfolio\/sapori-de-gelato\/\">Sapori di Gelato<\/a><\/h5>\r\n\t\t\t\t\t\t\t\t\t<p class=\"portfolio-cates\"><a href=\"https:\/\/techrest.pt\/TechRest\/portfolio-category\/clientes\/\">Clientes<\/a><span>\/<\/span><\/p> \r\n\t\t\t\t\t\t\t\t<\/div>\r\n\t\t\t\t\t\t\t<\/div>\r\n\t\t\t\t\t\t<\/div>\r\n\t\t\t\t\t<\/div>\r\n\r\n\t            \r\n\t            \t<div class=\"project-item category-50 \">\r\n\t\t\t\t\t\t<div class=\"projects-box\">\r\n\t\t\t\t\t\t\t<div class=\"projects-thumbnail\">\r\n\t\t\t\t\t\t\t\t<a href=\"https:\/\/techrest.pt\/TechRest\/portfolio\/costa-doce\/\">\r\n\t\t\t\t\t\t\t\t\t<img width=\"720\" height=\"720\" src=\"https:\/\/techrest.pt\/TechRest\/wp-content\/uploads\/2021\/05\/costa-doce-720x720.jpg\" class=\"attachment-engitech-portfolio-thumbnail-grid size-engitech-portfolio-thumbnail-grid wp-post-image\" alt=\"\" loading=\"lazy\" srcset=\"https:\/\/techrest.pt\/TechRest\/wp-content\/uploads\/2021\/05\/costa-doce-720x720.jpg 720w, https:\/\/techrest.pt\/TechRest\/wp-content\/uploads\/2021\/05\/costa-doce-150x150.jpg 150w\" sizes=\"(max-width: 720px) 100vw, 720px\" \/>\t\t\t\t\t\t\t\t<\/a>\r\n\t\t\t\t\t\t\t<\/div>\r\n\t\t\t\t\t\t\t<div class=\"portfolio-info \">\r\n\t\t\t\t\t\t\t\t<a class=\"overlay\" href=\"https:\/\/techrest.pt\/TechRest\/portfolio\/costa-doce\/\"><\/a>\t\t\t\t\t\t\t\t<div class=\"portfolio-info-inner\">\r\n\t\t\t\t\t\t\t\t\t<h5><a href=\"https:\/\/techrest.pt\/TechRest\/portfolio\/costa-doce\/\">Costa doce<\/a><\/h5>\r\n\t\t\t\t\t\t\t\t\t<p class=\"portfolio-cates\"><a href=\"https:\/\/techrest.pt\/TechRest\/portfolio-category\/clientes\/\">Clientes<\/a><span>\/<\/span><\/p> \r\n\t\t\t\t\t\t\t\t<\/div>\r\n\t\t\t\t\t\t\t<\/div>\r\n\t\t\t\t\t\t<\/div>\r\n\t\t\t\t\t<\/div>\r\n\r\n\t            \r\n\t            \t<div class=\"project-item category-50 \">\r\n\t\t\t\t\t\t<div class=\"projects-box\">\r\n\t\t\t\t\t\t\t<div class=\"projects-thumbnail\">\r\n\t\t\t\t\t\t\t\t<a href=\"https:\/\/techrest.pt\/TechRest\/portfolio\/ribeirinho\/\">\r\n\t\t\t\t\t\t\t\t\t<img width=\"257\" height=\"191\" src=\"https:\/\/techrest.pt\/TechRest\/wp-content\/uploads\/2021\/05\/ribeirinho.png\" class=\"attachment-engitech-portfolio-thumbnail-grid size-engitech-portfolio-thumbnail-grid wp-post-image\" alt=\"\" loading=\"lazy\" \/>\t\t\t\t\t\t\t\t<\/a>\r\n\t\t\t\t\t\t\t<\/div>\r\n\t\t\t\t\t\t\t<div class=\"portfolio-info \">\r\n\t\t\t\t\t\t\t\t<a class=\"overlay\" href=\"https:\/\/techrest.pt\/TechRest\/portfolio\/ribeirinho\/\"><\/a>\t\t\t\t\t\t\t\t<div class=\"portfolio-info-inner\">\r\n\t\t\t\t\t\t\t\t\t<h5><a href=\"https:\/\/techrest.pt\/TechRest\/portfolio\/ribeirinho\/\">Ribeirinho<\/a><\/h5>\r\n\t\t\t\t\t\t\t\t\t<p class=\"portfolio-cates\"><a href=\"https:\/\/techrest.pt\/TechRest\/portfolio-category\/clientes\/\">Clientes<\/a><span>\/<\/span><\/p> \r\n\t\t\t\t\t\t\t\t<\/div>\r\n\t\t\t\t\t\t\t<\/div>\r\n\t\t\t\t\t\t<\/div>\r\n\t\t\t\t\t<\/div>\r\n\r\n\t            \r\n\t            \t<div class=\"project-item category-50 \">\r\n\t\t\t\t\t\t<div class=\"projects-box\">\r\n\t\t\t\t\t\t\t<div class=\"projects-thumbnail\">\r\n\t\t\t\t\t\t\t\t<a href=\"https:\/\/techrest.pt\/TechRest\/portfolio\/grelha-do-ti-manel\/\">\r\n\t\t\t\t\t\t\t\t\t<img width=\"660\" height=\"660\" src=\"https:\/\/techrest.pt\/TechRest\/wp-content\/uploads\/2021\/05\/grelhadotimanel.png\" class=\"attachment-engitech-portfolio-thumbnail-grid size-engitech-portfolio-thumbnail-grid wp-post-image\" alt=\"\" loading=\"lazy\" srcset=\"https:\/\/techrest.pt\/TechRest\/wp-content\/uploads\/2021\/05\/grelhadotimanel.png 660w, https:\/\/techrest.pt\/TechRest\/wp-content\/uploads\/2021\/05\/grelhadotimanel-300x300.png 300w, https:\/\/techrest.pt\/TechRest\/wp-content\/uploads\/2021\/05\/grelhadotimanel-150x150.png 150w\" sizes=\"(max-width: 660px) 100vw, 660px\" \/>\t\t\t\t\t\t\t\t<\/a>\r\n\t\t\t\t\t\t\t<\/div>\r\n\t\t\t\t\t\t\t<div class=\"portfolio-info \">\r\n\t\t\t\t\t\t\t\t<a class=\"overlay\" href=\"https:\/\/techrest.pt\/TechRest\/portfolio\/grelha-do-ti-manel\/\"><\/a>\t\t\t\t\t\t\t\t<div class=\"portfolio-info-inner\">\r\n\t\t\t\t\t\t\t\t\t<h5><a href=\"https:\/\/techrest.pt\/TechRest\/portfolio\/grelha-do-ti-manel\/\">Grelha do Ti-Manel<\/a><\/h5>\r\n\t\t\t\t\t\t\t\t\t<p class=\"portfolio-cates\"><a href=\"https:\/\/techrest.pt\/TechRest\/portfolio-category\/clientes\/\">Clientes<\/a><span>\/<\/span><\/p> \r\n\t\t\t\t\t\t\t\t<\/div>\r\n\t\t\t\t\t\t\t<\/div>\r\n\t\t\t\t\t\t<\/div>\r\n\t\t\t\t\t<\/div>\r\n\r\n\t            \r\n\t            \t<div class=\"project-item category-50 \">\r\n\t\t\t\t\t\t<div class=\"projects-box\">\r\n\t\t\t\t\t\t\t<div class=\"projects-thumbnail\">\r\n\t\t\t\t\t\t\t\t<a href=\"https:\/\/techrest.pt\/TechRest\/portfolio\/manel-dos-frangos\/\">\r\n\t\t\t\t\t\t\t\t\t<img width=\"720\" height=\"720\" src=\"https:\/\/techrest.pt\/TechRest\/wp-content\/uploads\/2021\/05\/maneldosfrangos-720x720.jpg\" class=\"attachment-engitech-portfolio-thumbnail-grid size-engitech-portfolio-thumbnail-grid wp-post-image\" alt=\"\" loading=\"lazy\" srcset=\"https:\/\/techrest.pt\/TechRest\/wp-content\/uploads\/2021\/05\/maneldosfrangos-720x720.jpg 720w, https:\/\/techrest.pt\/TechRest\/wp-content\/uploads\/2021\/05\/maneldosfrangos-150x150.jpg 150w\" sizes=\"(max-width: 720px) 100vw, 720px\" \/>\t\t\t\t\t\t\t\t<\/a>\r\n\t\t\t\t\t\t\t<\/div>\r\n\t\t\t\t\t\t\t<div class=\"portfolio-info \">\r\n\t\t\t\t\t\t\t\t<a class=\"overlay\" href=\"https:\/\/techrest.pt\/TechRest\/portfolio\/manel-dos-frangos\/\"><\/a>\t\t\t\t\t\t\t\t<div class=\"portfolio-info-inner\">\r\n\t\t\t\t\t\t\t\t\t<h5><a href=\"https:\/\/techrest.pt\/TechRest\/portfolio\/manel-dos-frangos\/\">Manel dos Frangos<\/a><\/h5>\r\n\t\t\t\t\t\t\t\t\t<p class=\"portfolio-cates\"><a href=\"https:\/\/techrest.pt\/TechRest\/portfolio-category\/clientes\/\">Clientes<\/a><span>\/<\/span><\/p> \r\n\t\t\t\t\t\t\t\t<\/div>\r\n\t\t\t\t\t\t\t<\/div>\r\n\t\t\t\t\t\t<\/div>\r\n\t\t\t\t\t<\/div>\r\n\r\n\t            \t        <\/div>\r\n\t    <\/div>\r\n\r\n\t    \t\t<\/div>\n\t\t\t\t<\/div>\n\t\t\t\t\t<\/div>\n\t\t<\/div>\n\t\t\t\t\t\t\t<\/div>\n\t\t<\/section>\n\t\t\t\t\t\t<\/div>\n\t\t\t\t\t<\/div>\n\t\t","protected":false},"excerpt":{"rendered":"<p>Projectos e Implementa\u00e7\u00f5es Apresentamos algumas das nossas implementa\u00e7\u00f5es do software nos mais variados cen\u00e1rios para exemplificar a robustez do TechRest e a sua versatilidade.. Todos Clientes Verde Minho Clientes\/ Ruina Clientes\/ Sapori di Gelato Clientes\/ Costa doce Clientes\/ Ribeirinho Clientes\/ Grelha do Ti-Manel Clientes\/ Manel dos Frangos Clientes\/<\/p>\n","protected":false},"author":1,"featured_media":0,"parent":0,"menu_order":0,"comment_status":"closed","ping_status":"closed","template":"","meta":[],"_links":{"self":[{"href":"https:\/\/techrest.pt\/TechRest\/wp-json\/wp\/v2\/pages\/2441"}],"collection":[{"href":"https:\/\/techrest.pt\/TechRest\/wp-json\/wp\/v2\/pages"}],"about":[{"href":"https:\/\/techrest.pt\/TechRest\/wp-json\/wp\/v2\/types\/page"}],"author":[{"embeddable":true,"href":"https:\/\/techrest.pt\/TechRest\/wp-json\/wp\/v2\/users\/1"}],"replies":[{"embeddable":true,"href":"https:\/\/techrest.pt\/TechRest\/wp-json\/wp\/v2\/comments?post=2441"}],"version-history":[{"count":20,"href":"https:\/\/techrest.pt\/TechRest\/wp-json\/wp\/v2\/pages\/2441\/revisions"}],"predecessor-version":[{"id":4589,"href":"https:\/\/techrest.pt\/TechRest\/wp-json\/wp\/v2\/pages\/2441\/revisions\/4589"}],"wp:attachment":[{"href":"https:\/\/techrest.pt\/TechRest\/wp-json\/wp\/v2\/media?parent=2441"}],"curies":[{"name":"wp","href":"https:\/\/api.w.org\/{rel}","templated":true}]}}